nits digit of s(-5)?
8
Let x(l) = -17*l**3 - 2*l**2 + 1. Suppose 0 = -4*i + 4*w - 20, 0 = 5*i - 4*i + w - 3. What is the tens digit of x(i)?
1
Suppose 5*y - 6*y + 4 = 0. Suppose o + 3*o + 4*g = 116, 29 = o + y*g. What is the tens digit of o?
2
Suppose 3*a - 25 = 8. Suppose -c = -5*v - 17, -c + v = 2*c + 19. Let s = a + c. What is the units digit of s?
3
Suppose -z - 3 = b, 4*z + 20 = -b + 5*b. Suppose w = 2 - b. Suppose -w = -4*d + 3. What is the units digit of d?
1
Suppose 4*s = 5*y + 147, -4*s = -3*y - 102 - 47. What is the tens digit of s?
3
Let p(h) = 2*h - 2. Suppose 3*n = -3*u + 6, -n + 5*u + 22 = 2*u. Let j be p(n). Let i = j + 5. What is the units digit of i?
7
What is the tens digit of (4/8)/((-1)/(-52))?
2
Suppose 5*j - 55 = 65. Let c = j - 16. What is the units digit of c?
8
Let u(z) = 12*z - 1. Let s be u(1). What is the tens digit of (-2)/1 + s + 2?
1
Let j = -8 + 12. Suppose -3*z + 65 = c, 17 = z + c - 8. Suppose -y - j*y = -z. What is the units digit of y?
4
What is the tens digit of (-310)/(-8) - 3/4?
3
Let q = 19 - 9. Suppose -3*n + x = -q, 4 = 3*n - 2*x - 4. What is the units digit of n?
4
Let a(o) = -o**2 - 14*o - 4. Let s be a(-12). What is the tens digit of (-2 + -7)/((-6)/s)?
3
Let i = -69 + 97. What is the units digit of i?
8
Let y(n) = -11*n - 4. What is the tens digit of y(-3)?
2
Suppose 5*s - 525 = -0*s. What is the units digit of s?
5
Suppose -12 = 4*y, -y + 6 = a - 0*y. What is the units digit of a?
9
Let g(m) = -12*m**3 + m**2 + 3*m - 2. What is the units digit of g(-3)?
2
Suppose -o + 3*o + 5*u = 22, 2*o - 10 = u. Let g = -4 + o. Suppose -q - g = -3*l, -l + 4*q = 3*l. What is the units digit of l?
1
Let v(w) = -w**2 - 5*w - 5. Let x be v(-5). Let j = -4 - x. What is the units digit of j?
1
Let k(g) = -g**3 - 13*g**2 + 5*g - 24. What is the tens digit of k(-14)?
0
What is the hundreds digit of ((-29)/(-2))/(8/((-1760)/(-10)))?
3
Suppose 6*i + 8 - 26 = 0. Suppose 4*o - i*o - 7 = 0. What is the units digit of o?
7
Let v(j) be the second derivative of j**5/20 + j**3/2 - 3*j**2/2 + 2*j. Let c be (-72)/(-27) - 4/6. What is the units digit of v(c)?
1
Let u be 1*-1*(-80 + -2). Let g = u + -56. What is the units digit of g?
6
Let y be (0/2)/(3/(-3)). Suppose y*p + 3*p + 4*q = 163, -q + 213 = 4*p. What is the tens digit of p?
5
What is the tens digit of (-91)/(-4) + 1*(-2)/(-8)?
2
Let t be (-17)/(-2)*(2 + 0). Suppose -3*k = 4*f + 3, -2*k - 8 = -5*f + t. What is the units digit of f?
3
Suppose 4 = -x + 5*x. Let r(g) = 10*g**2 + g - 1. What is the units digit of r(x)?
0
Let f be 5/(15/(-9)) - -18. What is the units digit of 40*(3 - 39/f)?
6
Suppose 4*r - 15 = 5. Let j = -2 + r. What is the units digit of j?
3
Let r(f) = 1 + 0 - 3 - 3*f + 1. What is the tens digit of r(-5)?
1
Suppose -2*w + 55 = -x, x + 84 - 4 = 3*w. What is the units digit of w?
5
What is the tens digit of (46/4 - -4)*2?
3
Let p = -2 + 3. Suppose 7 = 4*o - p. What is the units digit of o?
2
Let z = -11 - -17. Suppose -3*j = 5*d, -3*d = -d + z. What is the units digit of j?
5
Let q(m) = -m**3 + 5*m**2 + m + 9. Let f be q(4). Suppose 0 = 5*l + 2*n - 20, -5*l + 1 = -3*n + 6. Suppose -f - 11 = -l*d. What is the tens digit of d?
2
Let o(q) = -q**3 - 3*q**2 - 3*q - 3. Let h be o(-2). Let f = 0 - -2. Let n = f - h. What is the units digit of n?
3
Let s(k) = -k**3 + 5*k**2 - 3*k. Let n be s(4). Suppose 0 = -q - n*q. Suppose q = 4*g + 4*y - 24, 3*y + 10 = -g + 2*g. What is the units digit of g?
7
Let n(b) = 1 + b - b + 5*b - 3*b. Let x be n(-2). Let k = x + 8. What is the units digit of k?
5
Let a(h) = -h**3 + 7*h**2 + 2*h + 7. What is the units digit of a(7)?
1
Let i(b) = -b**3 - 8*b**2 - b - 2. Suppose 5*o - 7*o - 16 = 0. What is the units digit of i(o)?
6
Suppose 4*w - 65 = 75. What is the units digit of w?
5
Suppose -535 = -4*h - 3*s, -263 = -2*h - 2*s + 5*s. Suppose -5*y = x - h, 7*x - 73 = -3*y + 3*x. What is the units digit of y?
7
Suppose y + o = 5*o - 11, -y + 25 = 5*o. Suppose y*v - 214 + 39 = 0. What is the units digit of v?
5
Suppose 0 = -2*i + n + 87, 2*i - i - 2*n = 48. Let a = i + -22. What is the tens digit of a?
2
Let z = 4 - 8. Let q be 4/(-16) + (-9)/z. Suppose g - 3 = -q*g. What is the units digit of g?
1
Suppose -a - 4 = a. What is the units digit of (a/(-2))/((-1)/(-3))?
3
Suppose q - 5*q + 30 = 5*l, -5*q - 3*l + 31 = 0. Suppose 3*c = 5*c - 2, 0 = 5*x + q*c - 160. What is the tens digit of x?
3
Suppose 0*f - 108 = -4*f - 4*p, f = 4*p + 52. Let j = -50 + f. Let q = -10 - j. What is the units digit of q?
8
Let r be 1 + 4 + -2 + -1. Suppose n + 6 = 4*b, -n = r*b - 23 - 1. What is the tens digit of n?
1
Suppose 5*j - 3 = 17. Suppose -5*v = s - 0 - 9, -j*v + 24 = 5*s. What is the units digit of s?
4
Let m be (4 - 1)*(-1)/(-1). Suppose -r - 2 = m. Let k = r - -8. What is the units digit of k?
3
Suppose -2*w - 26 + 428 = -3*j, -w + 5*j = -208. What is the units digit of w?
8
Let o be (-8 - -9)*(-1 - 5). Let d = 6 + o. What is the units digit of -3 + (-1 - (d + -7))?
3
Let k be 0*(-1)/2*1. Suppose 2*j = -k*j - 6. What is the units digit of 1 - (-2 - (j - -1))?
1
Let j be 2/(((-8)/(-2))/2). Let k(w) = 6*w**3 - 2*w**2 + w. Let a be k(j). Suppose -4*c + 25 = a*p - 0*p, 3*p = 5*c + 15. What is the units digit of p?
5
Suppose 2*s - 4*s = 2, -5*c = -2*s - 22. Let j be c/6*6/4. What is the units digit of j/(-3)*18/(-2)?
3
Let k(y) be the third derivative of 1/60*y**5 - 1/12*y**4 + 1/2*y**3 + 2*y**2 + 0 + 0*y. What is the tens digit of k(-3)?
1
Let w be (2/4)/((-1)/12). Let i = 10 + w. Suppose -2*t = i*x - 6, 3*x = 2*t + 6 + 2. What is the units digit of x?
2
Let a be 522/14 + 2/(-7). Let w = -17 + a. What is the units digit of w?
0
Let f be -1*(0 + 1)*-17. Let a = f - 4. What is the units digit of a?
3
Let v = -11 + 15. Let c(a) = -2 + 1 - a - v. What is the units digit of c(-6)?
1
Let g(d) = -13*d**2 + 3*d - 4. Let l be g(3). Let x = 73 + l. What is the units digit of 4/(-8) - x/6?
6
Suppose 15*c - 304 = 11*c. What is the units digit of c?
6
What is the units digit of 28/(-154) + 246/22?
1
Let a(j) = j**2 + 6*j + 8. Let t be (-2)/4*(-8 + -2). Suppose -5*b - 5 = t*v, v - 6*v - 3*b = 15. What is the units digit of a(v)?
8
Suppose -2*l - 6 = -3*q - 5*l, -l = 0. Suppose -3 = q*z - 19. What is the units digit of z?
8
Let a(x) = -x**2 + 7*x - 4. What is the units digit of a(5)?
6
What is the tens digit of 77*-2*15/(-30)?
7
Let i = 3 - 1. Suppose t = -i*n, -4*t + 4*n + 11 = n. Suppose -s - 10 = -t*s - 5*w, -5*w = 0. What is the tens digit of s?
1
Let o(r) = -12*r - 5. Let h be o(3). Let n = 71 + h. What is the units digit of n?
0
Let h = 103 + -52. What is the tens digit of h?
5
Let p be (-66)/(-10) + (-9)/15. Let h = 10 + p. What is the units digit of h?
6
Suppose -g = -3*g + p, -p = 2*g - 8. What is the tens digit of g/(-11) - 1064/(-44)?
2
Let d be 300/(-28) + (-4)/14. Let r = -5 - d. What is the units digit of r?
6
Let w = -130 + 214. What is the tens digit of w?
8
Suppose -h - 4*h = -5*o - 10, 8 = -2*o + 3*h. Let z = 13 + o. What is the units digit of z?
5
Let c = -71 - -176. What is the units digit of c?
5
What is the units digit of ((-5)/(-15))/(1/939)?
3
Let c be (2 + -1)*0/(-2). Let b(k) = 10*k. Let a be b(2). Suppose -f + 3*f - a = c. What is the tens digit of f?
1
Let w(g) = g**3 - 7*g**2 - g + 9. Let s be w(7). Let d be (-18)/(-5) + s/5. What is the units digit of (5/(-2))/((-2)/d)?
5
Suppose 0*j = -2*j + 14. Let l(h) = h - 7. Let g be l(j). Let t = g - -2. What is the units digit of t?
2
Suppose -5*b + 2*j + 778 - 263 = 0, 2*b - 217 = 3*j. What is the hundreds digit of b?
1
Let q = 46 + 6. What is the tens digit of q?
5
Suppose 2*z + c + 5 = 0, 2*z - 20 = 4*c - 0*c. Let f(w) = w**3 - w**2 + 30. What is the tens digit of f(z)?
3
What is the tens digit of 3*(11 + 4 + 0)?
4
Let n(p) = 4*p**2 - p + 13. What is the units digit of n(4)?
3
Let l be (6/4 + 0)*2. Suppose 3*g = -5*a - 20, l*a = 4 - 16. Suppose -3*f + 0*f - 2*x + 11 = g, -7 = -3*f - x. What is the units digit of f?
1
Suppose 39 = 5*g + v + 13, -2*g - 3*v = -13. Let k = 3 + g. What is the units digit of k?
8
Let o(i) = i**2 + 3*i + 2. Let s be o(-3). Suppose -2*n = s*n - 28. What is the units digit of n?
7
Let s be (6/(-8))/((-3)/(-12)). Let m be (-2)/(-6) + (-5)/s. Suppose -3*b = l - 7, m*l + 